 -0*x - r - 5. Let q be x/7 - 20/(-70). Suppose -l + 9 = -q*l. Calculate the remainder when 15 is divided by l.
6
Suppose -98 = -3*v - 86. Suppose q = 3*q - 2, k - 122 = -v*q. Calculate the remainder when k is divided by 6.
4
Let v = 6 + 66. Suppose 0 = 25*z - 21*z - v. Calculate the remainder when 107 is divided by z.
17
Suppose 0 = 4*j + 4*y - 557 - 1167, 4 = -4*y. Let f = j + -388. Calculate the remainder when f is divided by 11.
0
Suppose -4*m - 18*b = -8*b - 576, -4*m = -3*b - 602. Calculate the remainder when 741 is divided by m.
145
Let t(z) = -16*z**3 + 993*z**2 - 61*z + 3. What is the remainder when 195 is divided by t(62)?
0
Let f(r) = 10*r + 30. What is the remainder when f(-2) is divided by (-20)/6*3/(-2)?
0
Let i be 2 - (104/(-48) + 4/24). Suppose 5*p - 301 = -i*t + 77, 2*t + 4*p - 192 = 0. What is the remainder when t is divided by 41?
10
Suppose 0 = 7*b - 70 - 35. Calculate the remainder when 78 is divided by -18*(3/(-4))/(b/30).
24
Let d(z) = z**2 - 51*z - 1255. Calculate the remainder when ((-592)/24)/(-2*1/18) is divided by d(70).
72
Suppose 0 = 4*l + 5*x - 1576, -6*x - 3291 = -5*l - 1321. Calculate the remainder when l is divided by 100.
94
Suppose 0 = -1353*x + 1978*x - 6250. Suppose r = -4*p - 1, 0 = 4*r - 2*p + 17 - 49. Let u = r + -2. What is the remainder when x is divided by u?
0
Let g(y) = -y**3 - 25*y**2 + 23*y - 59. Let l = 338 + -364. What is the remainder when g(l) is divided by 7?
5
Suppose 8 = 3*s - 5*q, -5*q = 3*s - 0*q + 2. Let g(t) = -24*t + 82. What is the remainder when g(0) is divided by (1 - 2)*s - -29?
26
Suppose 6*q = 2*q + 12. Let g(u) = 3*u + 23. Let b be g(-8). Let k = b + q. What is the remainder when 4 is divided by k?
0
Let f = -22 + 37. Suppose -22*v + 21*v + 84 = 0. Let d = 88 - v. Calculate the remainder when f is divided by d.
3
Suppose 0 = -43*v - 18*v - 2013. Calculate the remainder when 112 is divided by (54/(-4))/(5 + v/6).
4
Let b(p) = -p**3 - 6*p**2 - 2*p - 14. Let v be b(-6). Let q(u) = -u**3 - 11*u**2 + 16. What is the remainder when v/(5/(-70) + 0) is divided by q(-11)?
12
Suppose 3*r = 3*z - 0*z + 60, -3*r = 5*z - 60. What is the remainder when 88 is divided by r?
8
Suppose -86886 = 11*h - 37*h + 68334. Calculate the remainder when h is divided by 58.
54
Let n = 683 - 483. Suppose -n = 32*q - 36*q. Calculate the remainder when 194 is divided by q.
44
Let r = -13680 - -13812. Calculate the remainder when 363 is divided by r.
99
Let n = -16092 - -16172. Calculate the remainder when 484 is divided by n.
4
Suppose -184 - 116 = -4*v. Suppose v = t - 43. Suppose 2*j + 5*s - 22 = j, 3*j + 2*s - t = 0. Calculate the remainder when j is divided by 11.
9
Suppose 5*w - 77 + 50 = c, 4 = 2*w + 3*c. Let p(t) = 17*t - 22. Calculate the remainder when p(w) is divided by 24.
15
Suppose i + 4*r - 13 = -4*i, 0 = -i - 5*r - 10. Suppose 32*j - i*y = 28*j + 290, -2*j = y - 138. Calculate the remainder when j is divided by 13.
5
Let k = 43 - -20. Let b be (-26)/(-169) - (-50)/13. Suppose 2*y = 2*s - 28, -3*s = b*y + y - 18. Calculate the remainder when k is divided by s.
8
Let n = 81 + -69. What is the remainder when n is divided by 9/6*15*(-10)/(-45)?
2
Suppose -1396 = -11*h + 1838 + 550. Calculate the remainder when 2070 is divided by h.
6
Let r = 240 + -250. Calculate the remainder when ((-6700)/(-15))/5 + r/(-6) is divided by 23.
22
Let t(d) = -62*d**3 + d**2 + 3*d + 3. Let s be t(-1). Let q be s/(-3)*3/9. Let j = q - -26. What is the remainder when j is divided by 11?
8
Let v(n) = n**3 + 66*n**2 + 798*n + 14. Calculate the remainder when v(-29) is divided by 24.
21
Let i(g) = -g + 22. Suppose d - 19 = -116. Let b = -97 - d. What is the remainder when i(b) is divided by 6?
4
Let q(r) = 2*r**2 + 7*r - 2. Let d(a) = a**2 + 6*a - 91. Let i be d(-14). Calculate the remainder when (-3)/i + (-1370)/(-35) - 3 is divided by q(-5).
10
Let c be (98 - (-2)/(-1)) + 0. Suppose 0 = 19*f - c - 18. Suppose 2*g - 3*r - r - 20 = 0, 4*g = -3*r - 4. What is the remainder when f is divided by g?
0
Suppose -13*v - 3844 = -17208. Calculate the remainder when v is divided by 336.
20
Suppose -5*l + 158 = 3*f, 0 = 4*f - 6*l + l - 234. Let t = 77 - f. Calculate the remainder when 83 is divided by t.
20
Suppose 0 = -21*x + 27*x - 90. What is the remainder when x is divided by (-534)/(-78) + (-2)/(-13)?
1
Suppose 9*r + 7*r = 1536. Suppose -r*y = -86*y - 1010. Calculate the remainder when y is divided by 17.
16
Let f(b) = -b**3 + 2*b**2 + b + 7. Let c be f(3). Suppose 0 = -5*s - 3*r - 1 - 0, 4*s - 4 = -4*r. Calculate the remainder when 33 is divided by -17*c*2/s.
16
Suppose 0 = -5*x + 8 + 2. Let q be 2/((-24)/(-195)) - x/8. Suppose 5*b - q = 34. What is the remainder when 68 is divided by b?
8
Suppose 3*b - 54 - 42 = 0. Suppose 19*p = 20*p - 33. Suppose p = 4*i - 39. What is the remainder when b is divided by i?
14
Let s(x) = x**3 - x + 15. Let h(o) = 3*o + 3 - 98*o**2 - 97*o**2 + 196*o**2 - 8*o. Calculate the remainder when s(0) is divided by h(5).
0
Let h(z) = z**2 + 26*z - 225. Let t be h(-33). Calculate the remainder when ((-286)/((-39)/3))/(4/t) is divided by 19.
14
Let l(g) = g**3 - 24*g**2 + 46*g - 24. Let m be l(22). Suppose -4 = -2*n + m. Suppose -58 = -4*o + 78. Calculate the remainder when o is divided by n.
10
Suppose -4*v + 188 = 2*c + 2*c, -c = -5*v + 247. Suppose -7*f + 386 = 4*n - 5*f, -2*f = 2*n - 194. Calculate the remainder when n is divided by v.
47
Suppose -216 = -13*b + 10*b. Suppose -2*c + v - 26 = 0, v + 24 = 4*c + b. Let q = 64 - c. Calculate the remainder when q is divided by 19.
18
What is the remainder when -3*((-664)/6 + 2) - (1519 - 1512) is divided by 141?
37
Suppose 3*b = b + 2. Let n = 2 + b. Suppose 28 + 23 = n*j. What is the remainder when j is divided by 7?
3
Let s(q) = -4*q**3 - 1064*q**2 + 2144*q + 27. Calculate the remainder when s(-268) is divided by (20/(0 - -2))/1.
7
Suppose 0*g = 4*g. Let j = g - -26. What is the remainder when j is divided by 4/7 - (10491/(-273) + 25)?
12
Suppose -22*s - 96 = 2*s. Suppose -5*k + 47 = -4*t + 120, 2*k + 82 = 4*t. What is the remainder when 4 + (-328)/s - (2 + 0) is divided by t?
18
Let d(f) be the third derivative of f**6/30 - f**5/30 + f**3/6 + 56*f**2. Let h be -1 + (1 - 1) + 3. What is the remainder when d(h) is divided by 9?
7
Suppose 475 = 349*a - 324*a. Let q(v) be the third derivative of 37*v**4/24 - 2*v**2. What is the remainder when q(1) is divided by a?
18
Calculate the remainder when 9507 is divided by -15*(-12)/(-108)*(3 - 9).
7
Let s be (-17 + 4/1)/(-1). Let u = 1 + s. Suppose -6*t = -28 - u. Calculate the remainder when 25 is divided by t.
4
What is the remainder when 2136 is divided by -4 - 1 - 5/(75/140)*-6?
45
Let w(g) = -42*g**2 - 6*g - 7. Let j(i) = -i - 1. Let o(a) = 6*j(a) - w(a). Let c = 3333 + -3324. Calculate the remainder when o(1) is divided by c.
7
Let s = 126 + -670. Let h = -465 - s. Calculate the remainder when h is divided by 33.
13
Suppose 5*k = 3*o + 4*k - 2221, -5*o = k - 3715. Let m = -734 + o. What is the remainder when 36 is divided by m?
4
Calculate the remainder when 2 + -24 + 1657 + 3 is divided by 35.
28
Let w(s) = -s**3 - 2*s**2 - s - 4. Suppose 334 = 5*r - 11*v, -14*r - 98 = -15*r - 3*v. What is the remainder when r is divided by w(-4)?
16
Let s(b) = 5*b - 43. Let v(y) = y**3 - 14*y**2 + 14*y - 11. Let m be v(13). Let x be (3 + -2)/(m/26). What is the remainder when 65 is divided by s(x)?
21
Suppose g + x - 71 = 3*x, -2*g - 5*x + 178 = 0. Let r be ((-6)/5)/((-51)/(-1190)). What is the remainder when g is divided by (-7)/r + -1*222/(-8)?
23
Let m be ((-2)/5)/(1/(-6 - 14)). Calculate the remainder when 57 is divided by (3*m/30)/(18/540).
9
Let j(u) = -4*u**2 + 35*u - 29. Let d be j(9). Let y = -6 + 65. Let t = d + y. Calculate the remainder when 82 is divided by t.
19
What is the remainder when (-4)/((-56)/5726) + 1 is divided by 45?
5
Let a(b) = 49*b**2 - b. Let n = -23 - -23. Suppose n = -56*j + 57*j - 1. What is the remainder when a(j) is divided by 10?
8
Suppose 0 = 3*g + 2*i - 3691, 46*g - 49*g = -4*i - 3643. Calculate the remainder when 1245 is divided by g.
20
Let v(f) = -f**2 + 12*f + 158. Calculate the remainder when v(19) is divided by (-4 + -1 + (-26)/(-6))*-6.
1
Let f = -1025 + 1055. Suppose 108 = -f